- (16 + (-2 - 10)))?
26
Calculate 106 + (-42 - -24 - (34 - 15)).
69
What is (4550 - 4521) + (-37 - 1)?
-9
Calculate 15 - 0 - ((102 - 82) + (4 - -45)).
-54
Evaluate 1 - ((39 - -1) + 0) - (-381 - -563 - 179).
-42
2 - 99 - -2 - (125 - 153 - (-21 + 0))
-88
What is 0 - 4 - (874 + -900 - (7 + 0))?
29
Evaluate 0 + 39 - 0 - (9 + (-1 - 9)).
40
-42 + (-21 - -78) + 0
15
What is the value of (-9 + -8 - -15) + 5 - -2 - (80 + 0)?
-75
Evaluate 11 - (11 - 77) - (7 + -2).
72
Calculate -20 - (32 - -3) - -9.
-46
(-11 - -10) + -3 - (14 - -11 - 12)
-17
Calculate 2 + 7 + -44 - (12 + (-11 - -11) - 7).
-40
Evaluate 83 + 2 - (4500 - 4432).
17
What is the value of 62 + -57 + -30 + 0 - -51?
26
What is the value of 22 - (-4 - 11 - -31) - (2 + -11)?
15
Calculate -603 + 686 + 6 + -219.
-130
What is (11 + -17 - -8) + (9 - (7 + (9 - 44)))?
39
Calculate 10 + 3 - ((16 - (-7 + 10)) + -6 - 1).
7
What is the value of 47 + (-19 - 7) + -20 - -9?
10
-6 + -5 + 19 + (17 - -2)
27
Evaluate (-19 - 25) + 40 + (3 - 22).
-23
Evaluate 2 - ((19 - (6 - -14) - -3) + -38).
38
Evaluate -20 - (-45 + -69 - (0 - -1)).
95
What is the value of (-5 - -12) + 1 - (8 + (4 - 4 - 1))?
1
Calculate (92 - (-40 + (10 - -38))) + (16 - 1).
99
Calculate -100 - 1 - -27 - -93.
19
Evaluate -50 + (161 - 74) - 7.
30
What is the value of 0 - -39 - (25 - -93 - 112)?
33
Calculate -18 - (-32 + -17) - 29.
2
What is the value of 5 + (15 - 12) - 22 - -12 - 16?
-18
What is the value of 0 + 2 + (5 - 0) + 1 + (-7 - -11)?
12
-260 + 55 + 94 - -94
-17
Evaluate (-43 - -48) + -188 + 186 + (-21 - 0).
-18
Evaluate 20 + -9 + (73 - (-15 - -39)) + 3.
63
12 - ((-31 - -12) + 34) - (43 + -2 + -1)
-43
Evaluate -2 + 5 + -4 - (1 - -7 - (152 - 137)).
6
What is (-28 - 1) + 26 + (-1 - 3)?
-7
What is the value of -1 + 43 + 1 - (-6 + 147 + -69 - 80)?
51
Calculate (5 - -26) + 26 + -58 - (-2 - (82 - -1)).
84
(2 - (2 - 7) - ((19 - -14) + -16)) + -9
-19
-28 + (-9 - -73) - -8
44
Calculate (-13 - ((37 - 12) + -41)) + -1 + 18.
20
What is the value of 42 + (114 - 48) + -203?
-95
What is the value of 15 + -21 + 11 - 11 - (5 - (-9 + 18))?
-2
16 + 0 + -5 + (-1 - 0) + -4616 + 4567
-39
What is (-89 + 218 - 60) + -149?
-80
What is the value of 3 + 0 + -1 - (-39 + 2 + -1)?
40
Evaluate -1 - -25 - -2 - (926 - 899).
-1
Evaluate -733 + 771 + (-5 - (-1 - (-4 - -5))).
35
What is -32 - (20 - 6 - (66 - 47))?
-27
-36 + (8 + 6 - -2) + -16 + -16
-52
Calculate -4 - -23 - ((-7 - -4) + 19).
3
26 - (7 - (-12 + 2 + -3 + 30))
36
Calculate 4 + -21 + (17 + 3 - 8) + 13.
8
(25 - 59) + 27 - (-53 - -4)
42
What is -23 - (6 - (4 - -8)) - (-29 - -119)?
-107
Evaluate -5 + -10 + (-14 - -8 - (0 + -2)).
-19
Evaluate -4 + 2 + 10 + (-16943 - -16944).
9
(53 - 56) + 13 + -1 + -1 - 14
-6
Calculate (39 - (-11 + 67) - (-67 - 0)) + -9.
41
Evaluate -540 + 350 + (5 - -86).
-99
What is 30 + (8 + 1 - -1) - -9?
49
What is the value of -1999 - -1948 - (-3 + 2 + -15) - 13?
-48
What is the value of -3 + -13 + 40 + 4 + -29?
-1
What is (1 - -25) + (-39 - -24) + 7?
18
Calculate (1 - -2 - (6 + -50)) + (-15 + 37 - 21).
48
What is -34 - 4 - 45 - 38 - -9?
-112
-10 + (130 - (-16 - (4 - 28)) - (-5 + 0))
117
(35 - 8 - -56) + -48
35
What is the value of -12 + (3 + -4 + -5 - (-4 + 29 - 22))?
-21
4 - (0 + 0 + (121 - (-59 - -117)))
-59
What is -12 + (23 - 9) - (5 + (-1 + 25 - -10))?
-37
What is (-7 - 7) + -50 - 4?
-68
9 + (8 - (14 + (-13 - 95 - 1))) + 3
115
What is the value of 14 - (42 + (119 - 44))?
-103
What is the value of 2 + -5 - -16 - (-1576 - -1579)?
10
What is (4 - -16 - -2) + (290 - 287)?
25
Evaluate (-4 + -25 - -137) + -17.
91
(-1 - -18) + 270 + -284 + (-4 - 38) + -4
-43
Calculate -22 - (-45 + (24 + (14 - 8) - 10)).
3
What is the value of -311 + 508 + -108 + -12?
77
What is -9 + 13 + -23 + -14 + 3?
-30
What is the value of 12 + -4 + 12 + -5?
15
Evaluate -58 + 124 + -67 + (-1 - -5) + -47.
-44
What is -6 - (-19 + 4 + 4 + -4 + 8) - 56?
-55
8 + -11 + 22 - 43
-24
21 + -39 + (-22 - (12 - 12))
-40
What is (-25 - -48) + -8 + -16 + -32?
-33
Calculate (90 - (-8 - -37)) + -64.
-3
Evaluate (-16 - -20 - 2) + -14 - (24 + -6).
-30
What is 8 - 18 - -11 - (4 - -5)?
-8
What is -14 + 27 + 1 + (-12 - 11)?
-9
What is -95 + (103 - (154 - 68))?
-78
Evaluate (30 - 30) + (2 - 7 - -67) + -13 + 5.
54
What is the value of (0 - (1 - -21)) + 7915 + -7881?
12
11 + -3 + -5 + 5 - 41 - -1
-32
Evaluate (-61 - -43) + (6 + -5 - 5).
-22
133 - (84 - (-62 - -85))
72
12 + -8 + (14 - (-2 - (-9 - 7)))
4
(13 + (-10 - -9) - 11 - -12) + -18 + 111
106
Evaluate -2 + -14 - (33 - (-10 - -26)).
-33
(1 + (3 - (-2 - 0)) - (90 - 93)) + 6
15
What is the value of -27 - (-14 + (-23 - -14) - 20)?
16
What is 7 + -13 - (-1 - 28 - -11) - -44?
56
Calculate (38 - -28 - (7 - -2)) + 4 - 2.
59
What is 64 - (60 - (43 - 5))?
42
Evaluate 31 - -1 - ((-1 - (-18 + 3)) + -376 + 359).
35
Evaluate -2 - (12 - -12) - 19.
-45
Evaluate 22 - (27 - 0) - 36.
-41
Evaluate (68 - 1) + 63 + -38 + -1.
91
Calculate -43 - (-15 - 7) - (25 - -7).
-53
What is (11 - 5 - 10) + (-39 - -6)?
-37
Calculate -32 - (-93 - (-119 - 10)).
-68
What is -95 + (17 + -1 - (380 + -386))?
-73
Calculate -37 + ((6 - 3) + -1 + -1 - (310 + -315)).
-31
Evaluate 138 + (-13 - 62) + -110.
-47
(8 - ((75 - -16) + 19)) + 17 + 11
-74
What is (2 - -118) + 910 + -932?
98
-41 - 0 - (44 - (69 - 23))
-39
Calculate -132 - -55 - -97 - -30.
50
-9 + 105 - (-187 + 334)
-51
10 - (1 + -5 - -6) - (11 + (12 - 42))
27
Evaluate (-8 - 2) + -4 - -11 - (2 + 24).
-29
What is -93 + (0 - (2 + -4)) + 127 + -114?
-78
What is -7 + -11 - (59 + 21 + -31)?
-67
(0 - -4 - 0) + (-1218 - -1235)
21
What is 25 + 11 + (2 - (-8 + 23 + -11))?
34
-39 + 80 + (31 - 92)
-20
What is the value of -3 - (-9 - 70) - (32 - (7 + 31))?
82
-301 + 219 - ((3 - -7 - 7) + (-1 - 2))
-82
What is the value of 2124 + -2115 - (-52 + -1)?
62
-12 + 25 - (0 + (-5 - -3) + -6)
21
What is -7 + 12 + -3 - (1 - -2 - (103 + -60))?
42
(15 - -31) + (-172 - -106)
-20
What is the value of -10 + 5 + 3 + 1 + (-52 - -25)?
-28
-3 + 39 - ((-11 + 9 - (4 + 2)) + 7)
37
Evaluate -14 - (23 + -10) - 13.
-40
((-15 - -26) + -15 - -21) + -59
-42
Calculate -53 + (47 - (-23 - -52)) + 34.
-1
What is the value of (-310 - -346) + -60 + 4 - 11?
-31
What is the value of (-31 + (3 - -38) - 4) + -66?
-60
Evaluate -62 + -3 + -12 + -7 + 8.
-76
Calculate (16 + -7 - -1) + -20 + -17.
-27
What is the value of 7 + -19 + 34 - 6 - (-41 + -4)?
61
What is the value of 2 + 23 + -39 + 19?
5
Calculate -24 + 14 + (-9 - -7) - -53 - -12.
53
What is the value of (21 + -9 + -4 - 3) + -56 + 7?
-44
What is 2 + -2 + -17 + -13 + 23 + -31 + 3?
-35
Calculate -107 + 83 - (6 + 31).
-61
5 + -9 + 40 + -13
23
What is 4 + (14 - (20 - 51)) + -1?
48
Calculate (-100 - -204) + -85 + (-90 - 2 - 0).
-73
-11 + 137 + (-35 + -10 + 23 - -9) + 7
120
Evaluate 3 + (-15 - (1 + -4) - -7) - 17.
-19
(-21 - -18) + -12 + (-1 - (-5 - (-6 + 11)))
-6
What is the value of 36 - 62 - 2 - (0 - 13)?
-15
Evaluate (62 - (6 + 2 - 4)) + (-985 - -982).
55
0 + -1 + 80 - ((212 - 326) + 122) - 9
62
What is -923 + 934 - (87 + -2 + (-2 - 2))?
-70
Calculate (2 + -1 - (6 - -32 - -84)) + 19.
-102
90 - (-51 + 53 - -24)
64
Evaluate 43 - (63 + 62 + -35).
-47
Evaluate (-4 - -1) + 3 + (93 - 1) + -5 + -5.
82
What is the value of -124 + -146 + 83 + 44?
-143
(-603 - -584 - (14 - -1)) + 3 + (-6 - -5)
-32
What is (5 + 25 - (155 + -42)) + 12?
-71
Calculate 8 - (5 + (3 - -16) + -40 + 28).
-4
What is the value of -2850 - -2773 - (-2 - (9 - 2))?
-68
What is the value of -54 + (-5 - (70 - 87))?
-42
Evaluate (2010 - 1865) + -5 + -26 + 2.
116
Calculate 32 + (-10 - (-10 + 9)) + 16 + (-2 - 7).
30
(-2 - 6) + -9 - -18 - (0 + -4)
5
What is (369 - 399) + 19 + -2 - 21?
-34
What is -79 - (-1378 + 1383 + (-3 - -5 - (1 - -6)))?
-79
What is the value of 0 - -3 - (-13 + 7) - 9?
0
Calculate -23 + 0 + -13 + (-193 - -221) + -2.
-10
What is the value of ((-14 - (-22 - 4)) + -17 - -4) + -57?
-58
What is the value of (-15 - 2) + (56 - (122 + -5))?
-78
What is 61 + (1056 + -1076 - (0 - -2))?
39
What is the value of (0 + -3 - (-189 + 193)) + 6?
-1
What is the value of 31 - (-54 - (-9 + -15))?
61
What is -7 - (28 - 22) - (-10 - (12 - 5))?
4
Evaluate (23 - (-6 - -28)) + -37 + -2.
-38
What is -20 + 20 + (22 - 73 - 4)?
-55
What is the value of -83 - ((60 - 154) + 88)?
-77
-15 - -17 - -21 - (-14 - 1 - -6)
32
What is the value of 77 